16579 composite?
True
Is 13065671 a prime number?
False
Is 14342389 a prime number?
True
Is 8948261 a prime number?
False
Is 48470707 prime?
True
Is 4066187 prime?
True
Is 2738933 prime?
True
Is 22043297 a prime number?
True
Is 28262207 a prime number?
True
Is 2094461 composite?
True
Is 82373 a prime number?
True
Is 3001049 prime?
True
Is 4096403 a composite number?
True
Is 11231201 prime?
True
Is 418964771 composite?
False
Is 5115377 a composite number?
True
Is 2366599 a composite number?
True
Is 75398331 a prime number?
False
Is 2177143 a composite number?
False
Is 74564767 prime?
True
Is 184451933 a composite number?
False
Is 279270089 prime?
False
Is 17544383 composite?
False
Is 13979741 a composite number?
False
Is 630473 a composite number?
False
Is 15465389 composite?
True
Is 2445257 prime?
False
Is 27271831 composite?
False
Is 77135713 prime?
False
Is 16857713 composite?
True
Is 5113877 composite?
False
Is 5408191 a composite number?
False
Is 21426391 prime?
False
Is 252669557 a prime number?
False
Is 17435245 a prime number?
False
Is 243071 prime?
False
Is 321637 composite?
True
Is 360221 a prime number?
False
Is 42595661 composite?
False
Is 3571681 a composite number?
False
Is 39266653 composite?
False
Is 844411 a composite number?
True
Is 373611767 a prime number?
True
Is 7313897 composite?
True
Is 1051247 a prime number?
True
Is 33546361 prime?
True
Is 73729163 a composite number?
False
Is 213019 prime?
True
Is 6453647 composite?
False
Is 470049791 a composite number?
False
Is 81767911 a prime number?
True
Is 624646471 a composite number?
True
Is 25246453 a prime number?
True
Is 578258501 prime?
True
Is 5631887 a prime number?
False
Is 562729 composite?
True
Is 14318629 a composite number?
True
Is 71105317 a composite number?
False
Is 744525647 a prime number?
True
Is 229669691 prime?
False
Is 1144243 composite?
False
Is 3092171 a prime number?
True
Is 2896655 a composite number?
True
Is 115728997 composite?
True
Is 3419267 prime?
False
Is 8410921 a composite number?
False
Is 4374977 a composite number?
False
Is 4366454 a prime number?
False
Is 40419637 a prime number?
False
Is 21117029 composite?
False
Is 13132243 a composite number?
True
Is 1527577 a prime number?
True
Is 1055867 prime?
True
Is 1124731 a composite number?
True
Is 110968107 prime?
False
Is 133153 a prime number?
True
Is 4240067 a composite number?
True
Is 553246679 a composite number?
False
Is 21266429 composite?
True
Is 1351388365 composite?
True
Is 23539193 prime?
False
Is 7326281 a composite number?
True
Is 72726611 prime?
True
Is 6537829 a prime number?
False
Is 38624053 composite?
True
Is 19807187 prime?
True
Is 5419673 a prime number?
False
Is 22310653 a composite number?
False
Is 2641214 a composite number?
True
Is 21841571 composite?
False
Is 6331109 a composite number?
False
Is 210578477 a composite number?
True
Is 14045281 prime?
False
Is 15805093 a prime number?
False
Is 6523849 a composite number?
True
Is 26518805 composite?
True
Is 12949855 composite?
True
Is 101093353 prime?
True
Is 23043155 a composite number?
True
Is 16649 a prime number?
True
Is 209461463 a prime number?
False
Is 118841647 a prime number?
False
Is 6473099 a prime number?
True
Is 4844123 a prime number?
True
Is 21350669 a composite number?
True
Is 872549 a prime number?
True
Is 261226759 prime?
True
Is 12054997 composite?
False
Is 22258213 a composite number?
True
Is 282679199 prime?
False
Is 65012531 a composite number?
False
Is 365688593 composite?
False
Is 1807359 composite?
True
Is 20442511 prime?
True
Is 66347339 prime?
True
Is 102488213 a prime number?
True
Is 54764981 a composite number?
True
Is 291561449 prime?
True
Is 2714389 composite?
False
Is 911663 composite?
False
Is 156756206 a prime number?
False
Is 25718327 composite?
True
Is 32617069 composite?
False
Is 2499023 a prime number?
True
Is 3546737 a composite number?
False
Is 3854599 a prime number?
False
Is 17096171 prime?
True
Is 2804111 a composite number?
False
Is 25238341 prime?
True
Is 1126003 composite?
True
Is 27650509 a prime number?
False
Is 476798629 a prime number?
True
Is 30806843 a composite number?
False
Is 1272749 a prime number?
True
Is 43876678 a prime number?
False
Is 12620789 composite?
False
Is 22928119 composite?
False
Is 344671 composite?
False
Is 3071479 prime?
False
Is 33475303 composite?
True
Is 167741777 a composite number?
True
Is 175831847 composite?
False
Is 24096637 composite?
False
Is 712333 a composite number?
True
Is 44028133 composite?
False
Is 123062179 a composite number?
False
Is 36566105 composite?
True
Is 1880321 prime?
True
Is 80049547 a prime number?
True
Is 335363783 composite?
False
Is 17872769 a prime number?
False
Is 7491389 composite?
False
Is 13103219 prime?
True
Is 1666127 prime?
True
Is 131430487 a prime number?
False
Is 18681251 prime?
False
Is 417509 a composite number?
False
Is 215146181 a composite number?
True
Is 144194233 a composite number?
True
Is 4871137 a composite number?
False
Is 45717577 a prime number?
True
Is 18691873 a composite number?
False
Is 209822219 a prime number?
True
Is 14060203 a composite number?
False
Is 82307067 a composite number?
True
Is 19791917 prime?
True
Is 6891685 a prime number?
False
Is 216502583 composite?
True
Is 117441539 a composite number?
True
Is 43430978 prime?
False
Is 29187331 a composite number?
True
Is 3777698 a composite number?
True
Is 19804153 composite?
False
Is 42076081 prime?
False
Is 28562447 a composite number?
False
Is 631053739 composite?
True
Is 2751127 composite?
True
Is 27291065 composite?
True
Is 462638231 a prime number?
False
Is 44001533 a prime number?
True
Is 5886767 a prime number?
True
Is 110549389 a prime number?
True
Is 19181869 a composite number?
True
Is 36093419 composite?
False
Is 229469431 prime?
False
Is 121687513 a composite number?
True
Is 457080899 prime?
False
Is 33535529 a prime number?
True
Is 431806805 a prime number?
False
Is 22222453 prime?
False
Is 3260947 prime?
True
Is 10762831 composite?
False
Is 5848589 prime?
True
Is 104632747 composite?
False
Is 209654491 prime?
True
Is 430343 a composite number?
False
Is 581029 a prime number?
True
Is 53421013 prime?
True
Is 6853763 a prime number?
False
Is 35484697 a prime number?
True
Is 920633 a composite number?
True
Is 64886749 prime?
False
Is 10568599 prime?
True
Is 16603 composite?
False
Is 1214261 prime?
True
Is 1173203 a composite number?
True
Is 269851 a prime number?
True
Is 351525397 a prime number?
True
Is 4585249 composite?
False
Is 1606207 a composite number?
True
Is 209407 composite?
True
Is 8608727 a composite number?
False
Is 11898794 composite?
True
Is 123126317 composite?
False
Is 304805659 a prime number?
False
Is 3571253 composite?
True
Is 5272429 a prime number?
True
Is 30430441 prime?
False
Is 134229857 a prime number?
True
Is 476248943 prime?
True
Is 216606389 a prime number?
False
Is 2617163 a composite number?
True
Is 154233719 composite?
False
Is 2703721 a composite number?
True
Is 1046823517 a composite number?
False
Is 8192741 composite?
True
Is 6583103 composite?
False
Is 129351 composite?
True
Is 2644573 a prime number?
True
Is 16777121 composite?
False
Is 47003783 composite?
True
Is 15317033 composite?
False
Is 240093617 prime?
True
Is 1000847 a composite number?
False
Is 1130939 a composite number?
False
Is 384419 a composite number?
True
Is 89551717 prime?
False
Is 436627551 prime?
False
Is 240467939 composite?
False
Is 168625553 a composite number?
True
Is 6687931 a prime number?
True
Is 3911101 prime?
False
Is 23892059 prime?
True
Is 41111867 prime?
True
Is 966015697 a composite number?
False
Is 37185773 a composite number?
True
Is 8986391 a composite number?
False
Is 2055061 prime?
True
Is 28464769 composite?
False
Is 6070477 a prime number?
False
Is 13367 composite?
False
Is 3587741 a composite number?
False
Is 63841507 a prime number?
True
Is 440345 prime?
False
Is 1394293 a composite number?
False
Is 803587 prime?
True
Is 694379903 a composite number?
True
Is 5919469 prime?
False
Is 44392951 composite?
True
Is 101526647 a prime number?
True
Is 42097463 composite?
False
Is 2658553 a prime number?
True
Is 216067351 prime?
True
Is 1826389 composite?
False
Is 3632567 a prime number?
False
Is 9977477 a c